) = b**2 - 7*b - 11. Give k(-5).
49
Let u(l) = 14*l + 463. Give u(-33).
1
Let t(b) = -b**2 + 2*b + 30. What is t(7)?
-5
Let w(g) = g**3 + 7*g**2 + 3*g + 4. Give w(-7).
-17
Let g(o) = o + 5. Calculate g(0).
5
Let v(f) = f**3 - 7*f**2 + 4*f - 6. What is v(7)?
22
Let j(f) = -f**2 - 58*f + 75. Give j(-59).
16
Let s(b) = b**2 - 31*b + 67. Determine s(2).
9
Let i(g) = g**2 + 3*g + 1. Give i(0).
1
Let l(t) = 4*t**2. What is l(1)?
4
Let a(w) = -w**3 - 9*w**2 + 25*w + 6. What is a(-11)?
-27
Let i(h) = 69*h**3 + h**2 - 1. Give i(-1).
-69
Let u(m) = m**2 + 10*m + 29. Calculate u(-8).
13
Let z(w) = w**3 - 8*w**2 - 9*w - 11. Determine z(10).
99
Let v(a) = -a**3 - 4*a**2 - 6*a. Determine v(-4).
24
Let w(o) = -o - 6. What is w(0)?
-6
Let i(h) = h**2 - 7*h + 7. What is i(7)?
7
Let a(i) = -64*i + 1599. What is a(25)?
-1
Let f(u) = 2*u**3 + 6*u**2 + 7*u + 14. Calculate f(-5).
-121
Let z(a) = a**3 - 12*a**2 + 7. Give z(12).
7
Let d(h) = 2*h + 19. Calculate d(-7).
5
Let o(l) = -l**3 - l**2 + l + 8. Give o(0).
8
Let f(a) = -a + 14. Calculate f(-20).
34
Let f(q) = q**3 - 24*q**2 + 24*q - 8. Give f(23).
15
Let d(f) = 3*f - 12. Give d(4).
0
Let b(m) = 3*m**2 - 5*m + 7. What is b(3)?
19
Let x(q) = -q**3 + 5*q**2 - 4. Give x(4).
12
Let j(r) = r**3 - 6*r**2 - 7*r - 9. Give j(7).
-9
Let s(n) = -2*n - 37. Give s(-9).
-19
Let p(l) = l**2 - 8. Determine p(4).
8
Let j(d) = d**2 + 9*d + 3. Give j(-6).
-15
Let c(o) = -15*o + 6. Calculate c(7).
-99
Let l(b) = -b**2 - 6*b + 3. Calculate l(-8).
-13
Let x(r) = 2*r**2 - 19*r + 4. What is x(9)?
-5
Let d(h) = -h**3 - 10*h**2 - 2*h - 15. Give d(-10).
5
Let l(u) = u**2 - 26*u + 92. Determine l(15).
-73
Let i(k) = -k**3 - 3*k**2 - 5*k - 9. Calculate i(-4).
27
Let p(u) = u**2 - 8. Give p(4).
8
Let f(j) = -2*j + 2. Determine f(-4).
10
Let j(x) = 2*x + 18. Calculate j(-7).
4
Let x(f) = f. What is x(-3)?
-3
Let i(d) = d**3 - 5*d**2 - 2*d + 8. What is i(3)?
-16
Let h(d) = 68*d**3 - d**2 - d + 1. Determine h(1).
67
Let t(c) = -c**3 + 6*c**2 + 3*c - 40. Give t(5).
0
Let h(x) = x + 2. Calculate h(-17).
-15
Let u(a) = -8*a - 31. Determine u(15).
-151
Let o(l) = -l**2 + 11*l - 12. Calculate o(9).
6
Let n(y) = y**3 + 5*y**2 - 5*y + 3. Calculate n(-5).
28
Let a(b) = b**2 + 9*b - 26. What is a(-12)?
10
Let i(u) = -20*u + 178. Calculate i(8).
18
Let j(w) = -w**2 + 13*w - 7. Give j(12).
5
Let y(p) = p**3 + 7*p**2 + 6*p - 4. Calculate y(-6).
-4
Let r(b) = b**3 - 17*b**2 - 19*b + 33. Give r(18).
15
Let w(d) = -31*d + 4. Calculate w(-2).
66
Let f(h) = 4*h - 12. What is f(6)?
12
Let j(l) = l**2 + 8*l - 4. Determine j(-4).
-20
Let m(r) = -17*r**3 + r**2 - 2*r - 2. Calculate m(-2).
142
Let a(j) = -3*j**3 + 4*j**2 - 4*j - 1. Determine a(3).
-58
Let m(q) = -q**2 - 56*q + 235. What is m(4)?
-5
Let p(u) = -u**2 - 2*u - 2. Determine p(-5).
-17
Let g(n) = -n**2 + 19*n - 3. Determine g(18).
15
Let o(u) = -3*u + 14. What is o(5)?
-1
Let r(y) = -3*y**3 + 4*y**2 - 5*y + 4. Determine r(2).
-14
Let x(d) = -d**2 + 11*d + 49. Give x(14).
7
Let z(q) = q**2 + 8*q + 13. Calculate z(-9).
22
Let b(a) = a**3 + 9*a**2 - 11*a + 12. Determine b(-10).
22
Let b(o) = 6*o**2 - 3*o - 1. What is b(-1)?
8
Let c(b) = b**2 - 16*b + 26. Give c(16).
26
Let t(m) = 2*m**2 + 8*m - 2. Calculate t(-5).
8
Let q(p) = 8*p - 59. What is q(6)?
-11
Let n(m) = -4*m**2 - 12*m - 1. Calculate n(-1).
7
Let o(w) = -2*w**2 - 16*w - 17. Calculate o(-8).
-17
Let h(q) = -34*q + 1. What is h(-2)?
69
Let w(g) = -g**2 + 19*g + 6. Determine w(19).
6
Let u(k) = -7*k - 22. Determine u(-6).
20
Let j(z) = -z**3 - 11*z**2 - 23*z - 39. Determine j(-9).
6
Let b(p) = p**2 + 13*p + 10. What is b(-12)?
-2
Let c(o) = o - 3. Determine c(6).
3
Let h(l) = -2*l**3 + 2*l**2 + 7*l + 3. Give h(4).
-65
Let k(o) = -o**2 + 2*o + 26. Calculate k(-11).
-117
Let l(a) = 13*a + 64. Determine l(-6).
-14
Let a(h) = 9*h - 15. Calculate a(3).
12
Let s(z) = -z**2 - 3*z + 5. Give s(2).
-5
Let p(y) = -2*y - 57. Give p(0).
-57
Let j(t) = -t**2 - 11*t - 14. Give j(-10).
-4
Let z(o) = -2*o**2 - 14*o - 3. Give z(-7).
-3
Let o(h) = h**3 - 24*h**2 + 21*h + 51. Determine o(23).
5
Let q(s) = -s**2 + 7*s + 8. What is q(-1)?
0
Let t(b) = b**3 + 4*b**2 + 2*b. Give t(-1).
1
Let l(z) = -z**2 - 12*z - 26. Calculate l(-10).
-6
Let v(t) = t**2 - 12*t - 119. Calculate v(18).
-11
Let g(o) = -o**2 + 15*o - 50. Give g(3).
-14
Let k(t) = 6*t - 72. What is k(14)?
12
Let v(f) = f**3 - 14*f**2 - 2*f - 205. Determine v(15).
-10
Let h(c) = c**2 + 13*c - 20. Give h(10).
210
Let f(x) = -x**2 - 10*x - 8. Calculate f(-6).
16
Let f(r) = -3*r**3 - 3*r**2 + 4*r + 5. Determine f(-1).
1
Let p(g) = -g - 12. Give p(-8).
-4
Let x(t) = t - 26. Give x(0).
-26
Let j(w) = w**2 + 12*w. Determine j(-12).
0
Let n(r) = r**3 - 3*r + 10. Give n(3).
28
Let r(a) = -a + 7. Calculate r(10).
-3
Let z(u) = -2*u + 23. Calculate z(15).
-7
Let g(c) = -16*c + 26. Determine g(2).
-6
Let h(k) = -k**3 - 19*k**2 - k - 16. What is h(-19)?
3
Let k(c) = -2*c - 11. Give k(4).
-19
Let d(i) = i**2 + 21*i - 33. What is d(-23)?
13
Let k(n) = -10*n + 86. Give k(6).
26
Let q(f) = 3*f**2 + 5*f + 2. What is q(-3)?
14
Let x(f) = -f**2 - 46*f - 132. Determine x(-43).
-3
Let h(m) = -m**3 + m**2 - m + 26. Calculate h(0).
26
Let c(i) = -i**3 + 2*i**2 + 2*i + 13. Determine c(0).
13
Let b(i) = i**2 + 3*i - 21. What is b(-5)?
-11
Let x(v) = -3*v**3 - v**2 + v + 1. Calculate x(-2).
19
Let f(t) = t**2 + 6*t - 39. Determine f(4).
1
Let j(f) = f - 16. What is j(10)?
-6
Let l(p) = p. Calculate l(14).
14
Let u(d) = -d + 13. What is u(6)?
7
Let u(k) = -k**2 + 32*k - 12. Calculate u(32).
-12
Let g(k) = -k**2 - 11*k - 14. Calculate g(-6).
16
Let h(k) = 10*k + 3. Give h(3).
33
Let d(x) = x**3 + 9*x**2 + 7*x - 11. Give d(-8).
-3
Let h(l) = 13*l**3 + 2*l**2 - 1. Determine h(-1).
-12
Let a(k) = -k**2 - 17*k + 44. What is a(-19)?
6
Let r(l) = 2*l + 24. What is r(-16)?
-8
Let r(a) = a**3 - 22*a**2 + 38*a + 15. Determine r(20).
-25
Let n(g) = -g**2 + 18*g - 15. Calculate n(16).
17
Let x(s) = -s**2 + 2*s + 4. What is x(-1)?
1
Let o(a) = -a**3 - 16*a**2 - 27*a + 11. Give o(-14).
-3
Let j(x) = x**2 + 18*x - 22. Give j(-19).
-3
Let d(l) = -15*l**2 - l + 1. Calculate d(1).
-15
Let s(f) = -f**2 - 12*f - 15. Determine s(-10).
5
Let r(s) = -s**3 + 2*s**2 + 5*s. Determine r(3).
6
Let p(z) = -z**2 - 20*z - 56. Calculate p(-15).
19
Let z(s) = -3*s + 15. Give z(19).
-42
Let h(r) = r**3 + 11*r**2 + 5*r + 3. Determine h(0).
3
Let f(a) = -a**2 - 9*a - 15. Give f(-10).
-25
Let k(y) = -5*y - 63. Give k(-9).
-18
Let i(u) = 3*u**3 - 2*u**2 - u. Determine i(2).
14
Let r(a) = -2*a**2 + 14*a + 67. What is r(-4)?
-21
Let k(u) = u**2 + 25*u - 130. What is k(-29)?
-14
Let g(l) = l**2 + 13*l - 4. Calculate g(-10).
-34
Let w(m) = m**3 - 7*m**2 + 10*m - 7. Give w(6).
17
Let u(v) = -11*v + 68. Calculate u(24).
-196
Let o(f) = -4*f**2 + 51. Determine o(0).
51
Let s(b) = b**2 + 21*b + 36. What is s(-18)?
-18
Let b(s) = -2*s**3 + s**2 + s + 4. What is b(0)?
4
Let u(o) = 2*o**2 + 33*o - 10. Calculate u(-18).
44
Let c(f) = -3*f**2 + f + 5. Calculate c(3).
-19
Let a(w) = -2*w**2 - 7*w + 45. What is a(4)?
-15
Let w(d) = -3*d**2 - 3*d + 8. Calculate w(2).
-10
Let n(p) = -4*p**2 - 56*p - 7. Calculate n(-14).
-7
Let a(k) = k**3 - 3*k**2 + 3*k - 3. Determine a(3).
6
Let c(b) = 2*b**3 - 12*b**2 - 16*b + 11. Determine c(7).
-3
Let a(s) = s**3 + 5*s**2 + 16. Calculate a(-8).
-176
Let u(w) = w - 74. What is u(0)?
-74
Let z(t) = -25*t - 73. Determine z(-3).
2
Let y(x) = -52*x + 209. Determine y(5).
-51
Let z(i) = 9*i - 11. Determine z(3).
16
Let j(v) = -7*v**3 - v**2. Give j(-1).
6
Let f(r) = -2*r**2 + 7*r + 11. Determine f(5).
-4
Let q(k) = k**3 - 6*k**2 + 5*k + 4. Calculate q(3).
-8
Let d(k) = k**3 + 19*k**2 + 4. Determine d(-19).
4
Let c(s) = s**2 + 28*s + 171. What is c(-9)?
0
Let q(u) = 11*u + 8. Determine q(7).
85
Let n(d) = -46*d**3 + 3*d + 3. Determine n(-1).
46
Let y(o) = -2*o**3 - 3*o**2 - 2. Determine y(-3).
25
Let s(u) = 2*u**3 - 4*u**2 + 4. Give s(3).
22
Let f(n) = -9*n. Calculate f(-1).
9
Let r(f) = 3*f**2 - 20*f + 28. Determine r(6).
16
Let p(f) = f**2 - 8*f + 2. Give p(7).
-5
Let k(j) = j**2 + 8*j + 4. Determine k(-8).
4
Let d(q) = -q**3 - 6*q**2 + 2*q + 3. Calculate d(-6).
-9
Let y(q) = -q**2 - 16*q + 12. Calculate y(-16).
12
Let w(q) = -4*q - 27. Give w(-9).
9
Let 